ided by 8.
1
Let i be 2/1 + (0 - -1). Suppose 22 = i*u - u. Suppose 0 = l - u. What is the remainder when 20 is divided by l?
9
Let j(m) = m**2 - 7*m + 2. Let o be 192/40 + 4/(-5). What is the remainder when (-105)/(-7) + o*1 is divided by j(8)?
9
Let r(y) = y**2 - 30*y + 151. Calculate the remainder when r(28) is divided by 40.
15
Let z = -585 - -680. What is the remainder when z is divided by 25?
20
Suppose 0 = 3*t - 5*i - 478, i = -4*t - 172 + 771. Let x = -90 + t. Let l(k) = -k**3 - k**2 + 2*k + 4. What is the remainder when x is divided by l(-3)?
13
Let l(g) = -g**3 - 3*g**2 + g + 4. Calculate the remainder when (122/(-12))/((-27)/162) is divided by l(-4).
13
Suppose u + 6 = -11. Let m = u - -195. What is the remainder when m is divided by 36?
34
Suppose 5*c - z = z - 412, 4*z - 332 = 4*c. Let j = c - -125. What is the remainder when 170 is divided by j?
41
Suppose -h + 2*t - 45 + 187 = 0, 0 = 2*t + 8. What is the remainder when h is divided by 11?
2
Suppose -72*j + 467 = -37. What is the remainder when 156 is divided by j?
2
Let j(k) = k**2 + 6*k + 12. Let m be j(-8). Let s = 28 - 17. What is the remainder when s is divided by (48/m)/(6/21)?
5
Suppose -2*v + 5*w + 147 = -0*v, -w + 212 = 3*v. Let f = -39 + v. Calculate the remainder when 61 is divided by f.
29
Let o = 10 - -3. Let a = -92 + 47. What is the remainder when a/18*(-2 - (-128)/(-10)) is divided by o?
11
Suppose 0 = 2*q - q - 7. Suppose -17 = -5*f - 3*o, -5*f - 5*o + 161 - 136 = 0. What is the remainder when q is divided by f?
0
Let g = -13 - -9. Let y = 36 - 16. Calculate the remainder when g/12 + (-112)/(-3) is divided by y.
17
Suppose -6 - 10 = -2*i. Suppose -i*r = -3*r - 10. Let m(n) = 2*n**3 + 4*n**2 - 2*n - 1. Calculate the remainder when m(r) is divided by 10.
7
Suppose 8*h = 5*h + 5*t + 112, t = 4*h - 121. What is the remainder when h is divided by 23?
6
Let w(c) = 54*c**2 + 2*c - 1. Let t be w(1). Suppose -3*v - 2*v = -t. Let p = -31 + 50. What is the remainder when p is divided by v?
8
Suppose -5*b = -6*b + 3. What is the remainder when 88 is divided by (-26)/b*39/(-26)?
10
Let c(w) = w - 3. Let s be c(-2). Let r = 31 + s. What is the remainder when 74 is divided by r?
22
Let q = 54 + -22. Suppose 4*p - 18 = -2*u, -q - 26 = -4*u + 3*p. What is the remainder when 51 is divided by u?
12
What is the remainder when 123 is divided by 6 - ((-4370)/114 - 1/(-3))?
35
Suppose 4*s = 3*f + 8*s - 40, 0 = 4*f - 5*s - 74. Calculate the remainder when 60 is divided by f.
12
Let a = 417 + -321. What is the remainder when 351 is divided by a?
63
What is the remainder when -3 + (51 - -9) + 9 is divided by 16?
2
What is the remainder when 219 is divided by (-564)/(-40) - (-2)/(-20)?
9
Let d(n) = -n**2 - 8*n + 18. Let i(z) = 3*z**2 + 7*z - 8. What is the remainder when i(-5) is divided by d(-8)?
14
Let i(q) = -27*q + 6. Let l be i(-2). Let v = l + -50. Suppose -s + 3*a = -54, -3*a + 60 = 3*s - 42. What is the remainder when s is divided by v?
9
Let b(h) = -2*h**2 + 13*h + 7. Calculate the remainder when 130 is divided by b(5).
20
Let q(i) = -i**3 - 6*i**2 - 2*i - 4. Suppose 11 = -12*c - 61. Calculate the remainder when 23 is divided by q(c).
7
Let g(i) = 17*i + 3. Suppose -12 + 5 = -7*z. What is the remainder when 76 is divided by g(z)?
16
Suppose 0 = 8*q - 2 + 266. Let v(w) = 7*w + 3. Calculate the remainder when 67 - (q/9 + (-6)/(-9)) is divided by v(3).
22
Let n(a) = a**2 + 2*a - 9. Suppose -k - 4*u = -2*k + 22, 4*k = -3*u + 31. Calculate the remainder when n(-8) is divided by k.
9
Suppose 0 = -5*j - n - 0*n - 237, 4*j + n + 190 = 0. Let h = j - -62. What is the remainder when 73 is divided by h?
13
Suppose 3*r - 4 = 2*r + h, 3*r - 33 = -4*h. What is the remainder when 407 is divided by r?
1
Let a(f) = -2*f - 9. Let k be a(-6). Suppose 0 = k*z - 7*z + 8. Suppose -4*b - 4*n = -44, -2*b - 6 = -7*n + z*n. Calculate the remainder when b is divided by 2.
1
Suppose -4 = -2*i - 5*t - 3, 4*t = -4*i + 32. Let y(c) = c**2 - c + 5. Let h be y(0). Suppose -g - h = -43. Calculate the remainder when g is divided by i.
12
Let b(z) = -z + 7. Let y be b(2). Suppose -2*u + 2 + 6 = -3*t, -y*u - t = -54. What is the remainder when u is divided by 2/((12/(-21))/(-2))?
3
Suppose 21*u = 15*u + 30. Suppose 3*h - 10 = -f, 5*h + 0*h - 100 = -u*f. What is the remainder when 123 is divided by f?
23
Let x be (-1)/1*(1 + 2). What is the remainder when 63 is divided by -3 - (2 - (5 + x - -17))?
7
Let o(h) = -h**3 + 11*h**2 - 15*h + 60. Let u(q) = q**2 - 3*q - 3. What is the remainder when o(9) is divided by u(6)?
12
Suppose 3*l = -57 - 9. Let p = -15 - l. Calculate the remainder when p is divided by 5.
2
Suppose -464*g - 152 = -466*g. What is the remainder when g is divided by 13?
11
Let x(k) = 3*k**2 + 66*k + 155. Calculate the remainder when x(-22) is divided by 10.
5
Suppose -l + 19 = 2*p, -31*l + 28*l + 15 = 0. What is the remainder when 159 is divided by p?
5
Let n = 1 + -7. Let g be -1 - (-3 + 3 + n). Let c = g + 4. Calculate the remainder when 33 is divided by c.
6
Suppose -10*n - 112 = -15*n + d, 2*n - 43 = d. What is the remainder when 298 is divided by n?
22
Suppose 4*t - 16 = -4*c, -c = -2*t - 0*t + 11. Calculate the remainder when 20 is divided by t.
0
Suppose -5*q + 5*x - 23 + 8 = 0, 3*q - x = 1. Let n(g) = 13*g - 6. Calculate the remainder when 118 is divided by n(q).
18
Suppose -86 = -4*n + 38. Let g = n + -30. Calculate the remainder when 4 is divided by g.
0
Let k = -35 - -35. Suppose k*r + 12*r - 708 = 0. What is the remainder when r is divided by 20?
19
Suppose -6*h + 20 = 2*q - h, 4*q + h - 4 = 0. Suppose -z - 2*z + 420 = q. Calculate the remainder when z is divided by 47.
46
Let w(c) = -11*c - 2. Suppose 36*r = 1199 + 205. What is the remainder when r is divided by w(-2)?
19
Suppose -4*s - 3*p + 39 = -0*s, -5*s = 5*p - 45. Let l = 292 - 186. What is the remainder when l is divided by s?
10
Suppose -3*g - 3*m = -18, g + 30 = 5*g + m. Let t(q) = q**3 + q**2 - q + 23. What is the remainder when t(0) is divided by g?
7
Let t = 34 + -19. Let j(c) = 5*c**2 - 2. Let n be j(1). Suppose 0 = -n*s + 60 - t. Calculate the remainder when 28 is divided by s.
13
Calculate the remainder when 31 is divided by 124/217 + (-132)/(-14).
1
Let z = 82 + -39. Suppose -15*b + 868 = z. Calculate the remainder when b is divided by 8.
7
Suppose -q = -2*h + 39, 7*h - 4*q = 5*h + 30. What is the remainder when 63 is divided by h?
0
What is the remainder when 86 is divided by (-484)/(-88)*(1 + 1)?
9
Let v(f) = f**2 - 3*f + 1. Let t(i) = 4*i + 34. Let q be t(-7). Calculate the remainder when 35 is divided by v(q).
16
Let r(l) = 2*l**3 + 79*l**2 - 48*l + 15. Calculate the remainder when r(-40) is divided by 16.
15
Suppose 6518*k - 6527*k = -27. What is the remainder when 33 is divided by k?
0
Let v(i) be the third derivative of i**4/24 - i**3/3 - i**2. Suppose 3*q + 28 = 4*f, 6*f + 3*q - 22 = 5*f. What is the remainder when f is divided by v(7)?
0
Let s be (-287)/14 + 1/(-2). Let v be 4/(-14) - (-1695)/s. Let d = v - -147. Calculate the remainder when d is divided by 17.
15
Let i be (0 - -3) + -4 - 83. Let h = 33 - i. Suppose -3*t + 3*q + h = 0, -34 - 5 = -t - 4*q. Calculate the remainder when t is divided by 14.
11
Suppose a = 13*a - 3156. Calculate the remainder when a is divided by 53.
51
What is the remainder when (-329750)/(-1875) - (-2)/15 is divided by 170?
6
Let g = -38 + 85. Let s = 7 - 3. Let j(d) = d**2 - d + 1. Calculate the remainder when g is divided by j(s).
8
Let k = 629 - 609. What is the remainder when 74 is divided by k?
14
Calculate the remainder when ((-1048)/(-6))/(14/63*3) is divided by 69.
55
What is the remainder when (-110)/(-2) + 3/(-3) is divided by (-26)/65 - 144/(-10)?
12
Let h(m) = -2*m**2 + 6*m + 53. What is the remainder when 71 is divided by h(4)?
26
Let c be 1/4 + 1348/(-16). Let p = c + 125. Calculate the remainder when p is divided by 21.
20
Suppose 0 = -15*a + 16*a + v - 339, -a = 5*v - 359. Calculate the remainder when a is divided by 67.
66
Let y be (2/(-1))/10*-5. Let w be -7 + (0 - 3/y). Calculate the remainder when 58 is divided by (-152)/w - 1/5.
13
Let d be (-4)/(-12)*(-1 - 2)*-236. What is the remainder when (-5)/((-20)/d) - 4 is divided by 15?
10
Let c = -44 + 23. Let b = c +